or of n and 30?
6
Suppose 2*t - t + 3*q = 46, 2*t - 3*q = 65. Calculate the highest common divisor of 259 and t.
37
Let t = -3 + 7. Suppose -4*v + o + 79 = 0, -3*v + 22 = -2*v - o. Let i = -9 + v. What is the highest common divisor of i and t?
2
Suppose 5*t - 4*t = 5, 2*t = -2*d + 32. Let q(j) = 6*j**2 - 2*j - 4. Let o be q(3). What is the highest common divisor of o and d?
11
Suppose 3*d = -h + 63, 5*h - 35 = 2*d - 3*d. What is the greatest common divisor of 30 and d?
10
Let j = -6 - -9. Let l = j + 6. Let p be ((-6)/9)/(-2)*27. What is the greatest common divisor of p and l?
9
Let l be (-1 - 0) + (-14 - -33). Calculate the greatest common divisor of 6 and l.
6
Let q = -105 - -107. What is the highest common factor of 1 and q?
1
Suppose 0 = -0*k - k + 6. Suppose k*g - 44 = 2*g. What is the greatest common factor of 55 and g?
11
Suppose 221 = 5*o + 4*q - 24, -4*q - 25 = -o. Calculate the greatest common divisor of o and 9.
9
Suppose -2*w + 36 = -4*w. Let g be 24/w*(-1 + -17). Suppose 5 = t - 7. What is the highest common factor of g and t?
12
Let g(p) be the third derivative of p**4/2 - p**3/3 - 3*p**2. Let k be g(3). Calculate the greatest common factor of k and 85.
17
Let o = -417 + 615. What is the highest common divisor of o and 44?
22
Suppose 0 = -3*t + 4*z + 16, -5*t + z = 2*z - 42. Suppose 2*l - t = -2*l. Let k be -27*(3/9 - l). Calculate the greatest common factor of k and 9.
9
Let q be 0 - ((-112 - 4) + -1). Let k be (-14)/(-21)*(-78)/(-4). What is the greatest common factor of q and k?
13
Suppose -5*o = -3*j + 5, -3*j + 10 = j - 5*o. What is the highest common factor of j and 55?
5
Suppose 2*p - 307 = -0*p + 3*h, -p + h + 153 = 0. Calculate the greatest common divisor of 19 and p.
19
Suppose -5*x + 720 = -810. Let k be 0 - 1 - (1 - x). Let j = -216 + k. What is the highest common factor of j and 11?
11
Let t be 1190/40 - 1/(-4). What is the highest common factor of t and 10?
10
Let r = -4 - -6. Let m = -97 + 115. Calculate the highest common divisor of r and m.
2
Let a be 2 + (-2 - -1) + 40/5. Calculate the greatest common factor of 9 and a.
9
Suppose -w - 1 = -64. Suppose 4*m - 4 - 24 = 0. Calculate the greatest common divisor of m and w.
7
Suppose -5*v + 12 = -2*v. Suppose 2*d + 24 = v*d. Calculate the highest common factor of d and 30.
6
Let g = 130 - 125. What is the highest common divisor of g and 3?
1
Let s(d) = 4*d**2 - 3*d - 3. Suppose z = 6*z + 3*q + 35, 4*q = -3*z - 32. Let t = z + 7. Let w be s(t). What is the highest common factor of w and 8?
8
Suppose -s - 839 - 4910 = 4*w, -4*s + 5744 = -4*w. Let o be 2/(-7) - w/7. Suppose -25 + o = 5*r. What is the greatest common divisor of 4 and r?
4
Let o(m) = m**2 - 3*m + 2. Let j be o(-4). Calculate the greatest common divisor of 40 and j.
10
Let l be (9/(-18))/(1/(-36)). Calculate the greatest common divisor of l and 27.
9
Suppose -2*i + 240 = -24. What is the highest common divisor of 12 and i?
12
Let s be 26/(-91)*(-14)/2. What is the highest common divisor of 1 and s?
1
Let u be (1/(-3))/((-5)/105). Suppose -24 = -a - u. Calculate the highest common divisor of a and 187.
17
Let r be 126/7 + -2 + 4. Calculate the greatest common divisor of r and 180.
20
Suppose -9*h + 5*h = 356. Let x = 177 + h. What is the highest common divisor of 8 and x?
8
Let y(g) = -g - 17. Let q be y(-12). Let x be 102/4 + q/(-10). What is the highest common factor of 39 and x?
13
Suppose -75 = -5*r + 45. Suppose 0 = -s + 2*t + 214, 2*t + 2 = 4*t. What is the greatest common factor of s and r?
24
Let i be 5216/24 - (-1)/(-3). What is the greatest common factor of i and 31?
31
Suppose 82 = 4*r - 2*a, r + 2*a - 3 = -a. Calculate the highest common divisor of r and 144.
18
Suppose 2*a - 288 = -0*a. Let x = -7 + 25. Calculate the greatest common divisor of a and x.
18
Let l = -5 + 5. Suppose l = 2*b - 6*b + 180. Calculate the greatest common divisor of b and 9.
9
Suppose 2 + 4 = h. Suppose 14 = 3*p + 5*g - 2, 3*g = h. Let u be 9 - 1/(p - 3). Calculate the greatest common factor of 15 and u.
5
Suppose -3*t - 6 = -3. Let i be t/(-4) + 535/20. Calculate the greatest common factor of i and 81.
27
Let j be 10*(7 + (-81)/15). Suppose -73 = -t - 4*n - 9, 4*n = -2*t + 128. What is the greatest common divisor of t and j?
16
Suppose -3*s - 3*g = 0, 0 = 4*s + 6*g - 3*g - 1. Let b be -5 + 5 + s*21. Calculate the highest common factor of b and 14.
7
Let z be (-7)/((-42)/(-32))*(-3)/2. What is the greatest common divisor of z and 32?
8
Suppose 2*q + 71 = -3*w, 2*w - 59 - 28 = 3*q. Let o = 52 + q. Calculate the greatest common factor of o and 7.
7
Let h(r) be the second derivative of r**5/20 + r**4/12 + r**3/6 + 165*r**2 - 4*r. Let b be h(0). What is the greatest common factor of b and 30?
30
Let u = 6 - -26. Suppose 13 = 4*r - 5*b, -3*r - b + 30 = 2*b. Let v = 11 - r. Calculate the highest common factor of v and u.
4
Suppose -16 = -4*u - 2*x - 0*x, 4*x - 16 = -4*u. Let c = u - -3. Calculate the greatest common factor of c and 14.
7
Suppose -n + 5*i + 101 = 0, -312 = n - 5*n - 3*i. Suppose -49 = -5*t - b, -3*t - 2*b + 19 = -4*b. Calculate the highest common divisor of t and n.
9
Let c be 22/4*(-1)/3*-30. Suppose 5*t - 94 = 16. Calculate the highest common factor of c and t.
11
Let g(h) = 4*h - 8. Let d be g(5). What is the highest common factor of d and 60?
12
Suppose -h = -6*h - 4*y - 10, -2*y + 10 = 0. Let j be (-4)/12 - 92/h. What is the highest common divisor of 120 and j?
15
Suppose -13 - 27 = -4*s - 3*r, 2*s = 5*r - 6. Suppose -z - 3 = -s. What is the greatest common divisor of z and 4?
4
Suppose 4*x + 0*x - 4 = 0. Let j = 10 - 6. Calculate the greatest common factor of j and x.
1
Suppose -2*o - 3*u = 5, 25 = 4*o - 6*u + 5*u. Suppose 7*q = 2*q - o*h + 475, -3*h + 467 = 5*q. What is the greatest common factor of 13 and q?
13
Let b(l) = -l**2 - 9*l + 1. Let y(k) = -k**2 + 3*k + 6. Let v be y(5). Let j be b(v). What is the greatest common factor of 21 and j?
21
Suppose -2*q = -4*u + 30, 5*q - 6 = u - 0*u. Calculate the highest common divisor of 6 and u.
3
Let m = 57 - 33. Calculate the greatest common divisor of m and 36.
12
Let t = 45 - 32. Suppose 1 - 4 = 2*y - 3*p, 4*y = 4*p. Suppose -2*m + y*r = -r - 278, 5*m - 713 = r. What is the highest common divisor of t and m?
13
Let t = -20 + 29. Let r(j) = -4*j + 29. Let c be r(-13). Calculate the highest common factor of c and t.
9
Let f = -12 + 15. Suppose 2*w = -6, -3*w = f*z - 0*w - 255. Calculate the greatest common factor of 8 and z.
8
Suppose 4*v - 108 = -4*f, -133 = 2*f - 7*f - 4*v. Let u(i) = 125*i**2. Suppose 3 = -h + 4. Let t be u(h). Calculate the greatest common divisor of f and t.
25
Let l = 0 + 2. Let q be (l + 0 + 6)*1. What is the highest common factor of 8 and q?
8
Let l be -3 - (2/(-12) + (-447)/18). Let k be (-1)/(-3)*(29 + 4). Calculate the greatest common factor of l and k.
11
Let j = 20 + 36. Suppose 93 = 3*v + 3*d, 4*v - 127 = -4*d - d. Calculate the highest common factor of j and v.
28
Suppose -2*q = -4*q + 24. Calculate the greatest common factor of q and 12.
12
Let w = 109 + -71. Calculate the highest common factor of 190 and w.
38
Suppose -5*q + 23 - 18 = 0. Calculate the greatest common divisor of q and 11.
1
Suppose 27*k - 23*k = 60. Calculate the greatest common factor of 60 and k.
15
Suppose 0*h - 16 = -4*h. Let g = 10 - h. Let y = 2 + g. Calculate the greatest common factor of y and 8.
8
Suppose 3*g - 28 = g. Let x be (-40)/(-5)*(-84)/(-16). Calculate the highest common divisor of x and g.
14
Suppose -y + 0*y + 118 = -5*j, 442 = 4*y - 5*j. Let m be y/(-15)*(-20)/6. Suppose h + 3*h - m = 0. What is the greatest common divisor of 3 and h?
3
Suppose 2*z + 3*r = -3, 5*z - 5 = 4*z + 5*r. Suppose z = -5*y + 8*y - 66. Calculate the greatest common factor of y and 11.
11
Let w(z) = 3*z + 6. Let y be w(4). Let d be 44*(y/4 - 2). What is the highest common factor of d and 44?
22
Let f = 20 - 7. Suppose 4*b + 3*o - 453 = -0*o, 0 = b + o - 112. What is the greatest common divisor of b and f?
13
Let t = 28 + -19. Let k(o) = 8*o**2 + 4*o - 3. Let m(g) = g. Let j be m(3). Let u be k(j). Calculate the greatest common factor of t and u.
9
Let l be 4*(2 + 12/8). What is the highest common factor of l and 154?
14
Let s = 21 + -3. Let m = -6 + s. Calculate 